 + (119 - 134) + 107.
25
Calculate -122 + (-8 - ((-228 - -248 - (14 + 1)) + -1)).
-134
What is 20 + (-8 - 6) + 1 + -55?
-48
11 - (5 + -31 + 12) - -3
28
What is the value of (14 - 3 - (-23 + 17)) + -40?
-23
What is the value of -5 + -5 + (-7 - ((-3 - 0) + -115 + 17))?
84
What is the value of (36 - (31 + 10)) + -1?
-6
41 + (-51 - -26) - -29
45
What is 170 + (-92 - 28) - (4 + -10 + (0 - 1))?
57
What is -6 + (0 - 2) + 68 + 30 + -102 + -100?
-112
What is 34 + (7 - ((-16 - 9 - -11) + 16))?
39
Calculate 45 - (60 - (-135 - -63)).
-87
What is 43 + -41 + 40 - 92?
-50
Evaluate 47 + (48 - 109) - -132.
118
What is (-1 - 9 - (4 - 12)) + 12 + -56 + -2?
-48
What is the value of 132 + (-51 - (-84 - -89))?
76
Calculate -1 - 16 - (-1 - -2) - (117 + -70 + -46).
-19
What is -36 - (4 - 1) - 0 - (1092 + -1096)?
-35
(-11 - (-5 + -4 + 18 + -8)) + (1 - -38)
27
Evaluate (-51 - 58) + 105 - (-102 + 2).
96
Evaluate -81 - (-6 - (1 + -3) - 1 - (-278 - -261)).
-93
Calculate 93 + -96 + -27 + 91.
61
-2 - (-2 + 7) - (114 - (66 - 2))
-57
Calculate (19 + -2 - 15 - (-4 + -8)) + 5 + -3.
16
What is -42 - (343 + -123 + -116)?
-146
Evaluate -11 + (-14 - -33) + (3 - (53 + -5)).
-37
65 + -1 - (-3177 + 3304)
-63
Evaluate -113 - (0 - 5 - 27 - (-49 + 36)).
-94
Evaluate 127 - (-17 + 47 + 33 + -29).
93
Evaluate (-12 - 7) + 7 - -9.
-3
Evaluate (-7 - 44) + (997 - 930).
16
What is (-66 - -60) + (-5 - (-7 + 7)) + 14 - 102?
-99
What is the value of -7 + (3 - (-19 + 18)) + (4 - -33)?
34
Evaluate -9 + (5 - ((9 + -3 - 21) + -67) - 10).
68
What is the value of 11 + 26 + 12 + -7?
42
What is the value of 1 - (114 - (67 + (-19 - 17)) - (-14 - 2))?
-98
Calculate -79 - -70 - -1 - (1 - 5 - 0).
-4
Evaluate 1 - (-2 + 1 + 19) - (-177 - (-81 + -85)).
-6
What is the value of -27 - (-8 + (27 - 27)) - -105?
86
-71 - (-66 - -16) - -47
26
What is 7 + 0 - 10 - (-20 - (12 - -11))?
40
What is the value of -2 - 10 - (15 + -45) - 23?
-5
Calculate 9 + 8 + -4 + -29 + 23 - (-27 + -7).
41
What is 62 - (42 + 1 - (490 - 470))?
39
What is -131 - 1 - (-4117 + 3988)?
-3
What is the value of -1 - -109 - (364 - 367) - 28?
83
Evaluate 50 - (82 + (-18 - 35)).
21
Evaluate (-19 - -17) + -29 + 29 + -40.
-42
What is the value of -44 + (-9 - (7 + -15)) + -5 + 17?
-33
22 - (-3 + 31 + -28 + (2 - 8 - -2))
26
What is the value of 28 + -32 + 81 + 47 - 35?
89
What is the value of (8 - 13) + (-4 + -4 - -4) + -15 + 117?
93
Evaluate 121 - (16 + -38 + 58).
85
Calculate 23 + -3 + -10 - 35 - (-10 + 1).
-16
What is 17 + 22 + -1 + -79 + (1 - 6)?
-46
What is 68 - (26 - (10 + 16 + (-11 - 3)))?
54
Evaluate 149 - ((169 - 8) + -84).
72
Calculate 6 + -8 + -47 - (13 + (-24 + 11 - 6)).
-43
What is the value of (1 + -10 + -40 + 30 - -11) + 1?
-7
Evaluate -12 + -2 + -11 + 5 + 14 + 1 + -37.
-42
0 + 86 + (-29 - 40)
17
What is (725 - 792) + 0 + 32?
-35
Calculate 13 + -14 + -23 + 31.
7
Evaluate 7 + (-8 + 4 + 11 - (3 + 17)) - 6.
-12
10 - (11 - (28 - -5 - 57))
-25
Evaluate -10298 - -10373 - ((1 - 1) + 24).
51
Evaluate (63 - (110 - 6)) + 84.
43
(68 - 32) + -98 - -74
12
-26 + (0 - -19 - 6 - (1 - 1))
-13
Calculate (-3 - (-3 + 49)) + (-9 + 11 + -11 - -9).
-49
100 + -292 - -40 - -60
-92
Calculate 9 - (46 + -50 + (0 - -10) + 0).
3
What is 2 + 15 + (-3 - 0) + (17 - 11)?
20
Evaluate -9 + 16 + (12 - 40) + 28.
7
Evaluate -166 + 1 + (-3600 - -3704).
-61
What is -1 + 41 + (-11 - (-15 + 1 + 6))?
37
What is the value of 137 + (34 - 97) - 25?
49
Evaluate (254 - 89 - 157) + (-1 - (-1 - (0 - 22))).
-14
Evaluate 72 + -3 - (131 - 123).
61
What is 43 + -17 + -21 - (-14 + -6)?
25
Calculate (1 - -1) + -25 + (143 - 62 - 97).
-39
What is the value of (6 - (-5 - -83)) + -1 - (418 + -403)?
-88
136 - ((159 - 27) + 57)
-53
Calculate 9 + (0 - (-6 - -10)) + 21 + 10.
36
Calculate (-1 - 4) + 2395 + -2331 - (-19 + 1).
77
Evaluate (-12 - (-1 + 2)) + (-21 - 129 - -108).
-55
What is (-8 + 14 - -6) + -9 + 16 + (-5 - -1)?
15
What is the value of 55 - (-17 - -63) - (2 + 15) - (3 + -74)?
63
What is the value of (-16 - (-5 - (-5 + 9))) + (-44 - -9)?
-42
What is (-45 + 18 + 42 - 24) + 0 + 31?
22
Evaluate -41 + 43 + -17 + 0 - -19.
4
What is the value of -127 + (100 - 102 - -70)?
-59
What is -18 - (70 - 51 - 78) - -34?
75
(-23 + 71 + -36 - 27) + (64 - 0)
49
What is the value of 0 + -17 + 5 + (33 - 23) + 7 + 55?
60
What is -78 - (-10 + -48) - (0 - 62)?
42
What is 1 - -70 - 8 - (-53 - -33 - -11)?
72
What is (-4 - -6) + 66 + -933 + 941?
76
What is -14 - -10 - 56 - (0 - (7 + 7))?
-46
What is (82 - 0) + 5379 + -5501?
-40
Calculate -4 + 6 - -33 - (-315 + 291).
59
-2 - (-46 + 79 + -22 - (-9 + 0))
-22
Calculate -5 - (4 + -54) - 31.
14
5 - 46 - (-83 - (1 + -58))
-15
Calculate (2 - 30) + 31 + 12 + -30 - 4.
-19
What is the value of -2 - (-46 - (-27 + 21)) - 15?
23
Calculate (4 - (0 - (-2 - -18))) + -12 - 79 - 1.
-72
What is the value of -1 - -31 - ((-38 + 21 - 25) + 25)?
47
-17 + 22 + -8 + -45 + 10
-38
Evaluate -7 + (13 - -29) - (-24 + 25).
34
(-16 - -15) + (-18 - ((4 - 8) + -46))
31
Evaluate -204 + (62 - -141) + (-1 - -2 - 2).
-2
What is the value of (-1 + -2 + (-13 - -2) - -5) + -3 + -17?
-29
Evaluate 1155 + -1130 + (-4 - 50).
-29
What is (60 - (172 + -114)) + (109 - -5)?
116
Evaluate (12 + -7 + 7 - 6 - 6) + -10.
-10
(75 - 25) + (-9 - 11)
30
What is (-20 - (-13 + 77)) + 51?
-33
Evaluate 53 + -26 - (9 - -32) - (15 - 2).
-27
What is 45 + (-25 - (-147 + 33))?
134
What is the value of -92 - -25 - (-19 + 34 - -19)?
-101
What is the value of -21 + 77 + -38 + (-27 - 9)?
-18
-2 + 8 + (-31 + 10 - -44)
29
3 + -4 - (-88 + 49)
38
Calculate (-1 - -1) + (-7 - -4) + (691 - 675).
13
What is 81 + (-7 - 19 - (7 + -20))?
68
What is the value of -3 + 8 + (4 + -14 + 8 - 4 - 46)?
-47
-6 + -2 + 1 + (17 - -4 - -7) + -16
5
What is -45 + (84 + -75 - (6 - 1)) - -13?
-28
What is (125 - 119) + (-95 - (-1 - -11))?
-99
What is the value of -27 - (119 + -109) - (-5 + 46)?
-78
Calculate (-2 - -3) + -2 + -2 - (49 + (-129 - -75)).
2
Evaluate -5617 + 5539 + 132 + 1.
55
Evaluate 8 - (80 - (202 + -86)).
44
Calculate (7 - 7 - 6 - -15) + (-19 - (-68 + 9)).
49
What is the value of -33 + (1 - -22) + -1 + (0 - -3) - 11?
-19
(14 - 4) + 31 + 17 + (-5 - (9 + -5))
49
Calculate 36 - 3 - (2 + -5 + 20 + -24).
40
Evaluate 15 + 0 + -21 + 24 + 23.
41
56 - ((-66 - -115) + 55)
-48
What is 5 + -1 - (-9 + 4 + (-12 - 12))?
33
Calculate (178 - 146 - (-3 + 65)) + 92.
62
Calculate -5 - ((-69 - (-40 - 0)) + (5 - -2)).
17
Evaluate 55 + -30 + -5 + (8 - -7).
35
What is -2 + (-13 - 4) + 7 + -83 + 20?
-75
What is the value of 4 + -5 + (-98 - -62) + (0 - 3)?
-40
Calculate -11 + (25 - (-11 + (21 - 4)) - 0).
8
What is the value of -2 + (-4 - -2) - -2 - (-19 - 63 - -191)?
-111
2187 - 2152 - (43 + 1)
-9
Calculate 1 + 6 - (-785 + 840).
-48
Evaluate 22 + -24 + -3 + -2 + 1 + 11 + 3.
8
(11 - 35) + 14 - (-4 + 73)
-79
369 - 415 - (-5 + (-2 - 3)) - -11
-25
-40 + -45 + 9 + -8
-84
Calculate -20 - -54 - (39 - 4).
-1
Calculate (220 + -235 - (-22 - 0)) + -28.
-21
Evaluate 62 - (49 - (-4 - -61)).
70
-16 - (-89 - -22) - 6
45
What is -5 + 2 + 12 - (303 + -249)?
-45
-18 - (69 + (-39 - -13))
-61
Calculate 1 + 89 + -16 + (87 - 92).
69
Evaluate (-27 - -109 - 141) + (-1 - 2 - 0).
-62
Evaluate -21 + 21 + (-5 - -3 - (27 - 19)) + 22.
12
What is (50 - 35 - 24) + (21 - -1) - -7?
20
Evaluate -288 + 260 - ((24 - -3) + (-19 - -15)).
-51
What is 1445 - 1541 - (-70 - 1)?
-25
20 - (29 + -48) - 6 - (-3 - -1 - -2)
33
(7 - 69 - -4) + (-15 - (3 + -2 + -10))
-64
Evaluate 10 + 8 - (-9 - -38) - -48.
37
What is the value of -6 + (36 - 30) + (-3 - -56)?
53
Evaluate -82 + (28 - 4) + (-13 - (-20 + -13)).
-38
Calculate (-250 - -282) + (1 - 4 - (-10 - -4)) + 0.
35
Calculate (34 - ((-15 - -23) + -20)) + 3 + -15.
34
-53 - (17 + (-39 + 12 - -6 - -20))
-69
Evaluate -8 + 13 + -18 + 1 + 9 + 44 + 2.
43
What is the value of (-2265 - -2248 - (-8 - 0)) + 3 + 50?
44
Evaluate 12 + (0 - -1) + 14 + -54 + -2.
-29
Evaluate ((-14 - 2) + -2 - (207 + -214)) + -18 + 144.
115
Calculate -61 - (0 + 18 - 3 - (20 - 18)).
-74
What is the value of (-5 - (-32 + 46)) + -2 + -3?
-24
What is (6 - 0) + (49 + -21 - (18 - 7))?
23
What is the value of -1 + 0 + -70 - (69 - 49 - 23)?
-68
What is the value of -98 + -36 + 72 + 117?
55
What is -3 - 1 - (-164 - -165) - (1 + -37)?
31
What is the value of -33 + (5 - ((-13 - -6) + 7 + 2 - -2))?
-32
What is 29 + 1 + (-189 